3 - -2 - -9)
1
Calculate (-35 + 11 - 4) + -16.
-44
Calculate -83 - ((-1 - -3) + (-5 - -1) + -2230 + 2233).
-84
-13 + -25 + 49 + 26
37
What is 53 - (5 - -4) - (-150 + 194)?
0
What is the value of (-1684 - -1673) + (10 - 1)?
-2
Calculate -29 + (2 + -53 - (119 - 147)).
-52
Calculate -87 + 91 + (1 - 2) - (13 + (-11 - -51)).
-50
Calculate 69 - 31 - (-141 - -135).
44
What is ((138 - 136) + -10 + 0 - -10) + 8?
10
Evaluate -245 + 186 - (26 - 20).
-65
Evaluate 81 + -91 + -2 + 66.
54
Calculate (-652 - -674) + (27 - 1) + -6.
42
What is the value of (16 - -30) + (4 - 25) + -11?
14
Calculate (-18 + 7 + 4 - 8 - -100) + (-4 - 6).
75
Evaluate -58 + (41 - -48 - -4).
35
Calculate (-29 - (5 - 20)) + (10 + 0 - -61).
57
(44 - 37) + (-29 - -5) + 26
9
-54 - (35 + (3 - -6))
-98
-39 - (-64 + -4 - -10)
19
What is the value of (-5 - (-2 + -18)) + -2 + -91 + -2?
-80
Evaluate (2 - -1 - (-14 + 8)) + (23 - 6) + -1.
25
Evaluate -10 + 23 + -5 + -13 - 48.
-53
-27 + (26 - -8) + (-9 - 2) - -9
5
-11 + 15 - (12 + (-24 - -3) + -56 + 1)
68
What is -124 - -112 - (5 + -25)?
8
What is -399 + 392 - (-75 + 10 + (-1 - -2))?
57
What is the value of -199 - -182 - (-11 + 71 - -11 - -10)?
-98
Evaluate -27 - -37 - (18 + (-43 - 7)).
42
-10 + (6 - 0) + (-17 - -8) + 13 + -2
-2
What is (-3 - (-6 - -5)) + (-19 - (-15 + 19 + -10))?
-15
56 + -105 + 40 - (-65 + 0)
56
-12 - (-11 - -10) - ((-2 - -22) + -89)
58
Calculate (89 - 143) + (40 - 0) - (22 - 1).
-35
Calculate 8453 - 8432 - ((3 - 0) + -48).
66
What is (18 - ((-10 - -16 - 13) + -13)) + -1 + -4?
33
What is the value of -14 - 0 - (-1650 - -1601)?
35
Calculate -92 - 0 - (-15 + -70 + 105).
-112
(30 - 46) + 42 + -10 + 27
43
Calculate 25 + -2 + (-123 - (-31 + -62)).
-7
1 + (1 - 0) + (9 - 11) - (-182 + 153)
29
Evaluate -24 - (1 + 7 - (-12 + 9)).
-35
Evaluate 8 + -3 + 18 + -12 + 7.
18
What is the value of -366 - -516 - (114 + 56)?
-20
8 - (7 + -3) - (23 - 134 - -48)
67
100 - 39 - 148 - -27
-60
What is the value of (2 - 8) + 1 - (-131 - (-112 + -136))?
-122
9 + 21 - -5 - 33 - (-22 + -2)
26
Calculate (-12 - -31) + (1 - 8 - (-12 - 1)).
25
What is -6 - (13 + -11 - (10 + -3 + -9))?
-10
Evaluate -48 + 98 + -74 + (-4 - -13).
-15
90 - (-82 + 207) - (-139 - 3)
107
What is 92 - (23 + -7) - -17 - 6?
87
What is 110 + (-159 - (-96 - -63))?
-16
-34 + (40 + -13 - 25 - -50)
18
40 + 3 + -102 + 158 + -71
28
What is 6 - 5 - -7 - (80 + -6 + (-13 - -17))?
-70
What is the value of 1 + -4 + (59 - (20 + 32)) - -36?
40
Calculate (99 - 74) + -4 + -107 - (1 - 7) - -12.
-68
Calculate -11 + (-34 - -39 - (-25 - -8)).
11
What is 93 + -71 + (-16 - 0) - (-30 - 3)?
39
What is -26 - (553 + -539 + -134 + 2)?
92
Evaluate 24 + 7 + (1 - 17) - 5.
10
Evaluate -1 - (-3 - 1) - (-99 - -100) - 36.
-34
What is -8 - (-20 + -4 - -18 - 11)?
9
Calculate 32 + 14 + 139 + -142.
43
11 - (3 + -4 - -2) - (14 - -19)
-23
What is the value of 80 + -81 - (-38 + 13 + (-12 - -7))?
29
What is the value of -24 - (-76 - (-54 + 31)) - 46?
-17
What is the value of -14 + 0 + (151 - (75 - 42))?
104
What is the value of (-7 - (-22 + 39)) + 50 + 34?
60
What is (-5 - (165 + -158 - (0 + 4))) + -55?
-63
What is the value of (-49 - (-14 + 7 + -43)) + -81 + -1?
-81
Evaluate (-19 + 7 - 4) + (7 - -59).
50
What is (-16 - -21) + (-47 - 1) + (-4 - 4) + 5?
-46
What is the value of -72 + (23 - (43 + -20) - 0)?
-72
52 + -20 + -5 + -44
-17
(1660 - 1604 - (-52 - 1)) + (20 - -1)
130
What is (2196 - 2160) + (0 - (26 - -2)) - (24 + -1)?
-15
Calculate (-7 - -5) + (-60 - -26 - -51).
15
Evaluate (-3 - (2 - 1 - 2) - 6) + (-13883 - -13876).
-15
17 + -20 + (-73 - -21 - -20)
-35
What is 41 - (30 - (83 - 28 - -1))?
67
Calculate -22 - ((-18 - -46 - 18) + 8 + 2).
-42
What is the value of (12 - -37) + 19 + -122 - (-1 + 0 + 6)?
-59
What is the value of (-34 - (27 - -2)) + 45?
-18
Evaluate (-71 - 10) + 69 - 7.
-19
What is the value of (-23 + 21 - 23) + (-3 - (5 + 1))?
-34
(-41 - (-18 - -13)) + 17 - (0 - 80)
61
What is the value of 13 + (19 + -69 + 23 - 18)?
-32
Calculate -24 + 41 - 0 - (4 + -2 + 10).
5
Calculate 1091 + -1197 + 2 + (3 - -16).
-85
Evaluate -90 - ((12 + 21 - 76) + 40).
-87
Calculate -5 + 19 + -20 + (0 - 18).
-24
Evaluate -10 + 12 + -1 + -13 + -8.
-20
Calculate 2 + -5 + -20 + -12 + 3.
-32
Calculate (-30 - -71) + -7 + (1 - (-5 - -10) - -10).
40
Evaluate (111 - 1) + (48 - 34 - (-20 - -14)).
130
Calculate -31 + -11 + 15 + 14 + 1 + -7 - -6.
-13
Evaluate -71 + (37 + -12 - 13) + -5.
-64
What is the value of -13 - (-25 + 3) - -12 - 5?
16
-34 + -26 + 149 + -214
-125
What is -149 - (-13 - -13) - -217?
68
Calculate (48 - 157) + 90 + 40.
21
Evaluate -47 - 5 - -85 - 109.
-76
Calculate -2 + -7 + (-18 + (56 - 16) - -8).
21
Calculate -6 - (16 + (14 - (5 + 9 + -9))).
-31
What is the value of 1 - 3 - -4 - (20179 - 20132)?
-45
What is 9273 + -9166 + (1 - 26)?
82
70 - ((-11 - 28) + 59)
50
What is -64 - (-420 + 148 - -131)?
77
-35 - (-10 + ((-12 - -16) + -13 - (-26 - 0)))
-42
What is 9 + -56 + 29 + 3?
-15
What is -25 - (3 + -14 + 15) - (-11 + 2 + -1)?
-19
What is -41 + -16 - (-617 - -508)?
52
Calculate 23 + -18 - (8 - 18 - -12 - -30).
-27
Evaluate 5 - (967 + -1046 - (11 + -1 - 2)).
92
What is 3 + -72 + (-25 - -72 - 30)?
-52
What is the value of -14 + 18 + -1 + 1 + 0 + -43 - 3?
-42
What is the value of 27 + (-75 + 24 - -18 - -23)?
17
333 - 326 - (-1 + -27) - -17
52
What is 1 + -48 + (3 - -32 - (5 - -19))?
-36
What is -39 - ((20 + -28 - -9) + 8)?
-48
What is the value of (95 - 97) + 3 + (12 - (1 + 3))?
9
What is (1 - 1) + (291 - 282) + -75 + 0 + 9?
-57
What is 42 - (-122 - -184) - (-2 + 3)?
-21
67 + 22 + -13 + (1 - 6 - 18)
53
-1 + 15 + 10265 + -10256
23
Calculate 3 - -16 - (-986 - -1020).
-15
What is (-16 - (-21 - 16)) + 21 - 12?
30
Evaluate (-32 - -68 - 63) + 9.
-18
Evaluate (14 - 11 - 14 - -31) + 1 + 10.
31
Calculate 30 + 0 - -3 - (-270 - -268).
35
21 + 4 + 7 + (-7 - 14)
11
Calculate -11 + (44 - (-12 + (14 - -18))).
13
Evaluate -62 - (-27 + 86 + -51 + 12).
-82
Calculate ((-16 + -1 + -2 - -10) + 0 - -6) + -62.
-65
What is the value of (-53 - (17 + -18)) + 87?
35
Evaluate -48 + (-20 + (2 - -6) - (-8 - -3)).
-55
What is the value of -5 + (11 + 0 - (18 - 1) - 2)?
-13
What is 31 + -114 + 98 - (0 - -30)?
-15
What is the value of (15 + -1 - (-5 - -2)) + 58 + 46 + -95?
26
Evaluate -122 + -2 + (939 - 854).
-39
What is -17 + -6 + 2 + 79 + -18?
40
What is the value of 238 + -268 - (37 - -9)?
-76
Evaluate (109 - 47) + (-11 + 3 - 19).
35
Evaluate (-54 - -65) + (7 - -1) + -4 + (-135 - -19).
-101
What is the value of 1 + -81 + 32 + 91?
43
Evaluate (-12 - (-13 - (-31 + 17))) + -1 + 2.
-12
Calculate 15 - 15 - -8 - (-90 + 1) - (14 + 0).
83
-44 + 26 + 69 + -52
-1
What is (0 - -30) + (1477 - 1526)?
-19
33 + (5 - (-53 - -19))
72
What is the value of -95 - -55 - 7 - -24?
-23
19 + (98 - 79 - (32 + 2))
4
What is 99 - (-62 + 46 - -90)?
25
-7593 + 7594 + (1 - 2 - -27)
27
Evaluate 52 + (99 - 167) - (2 + (-56 - -1)).
37
Evaluate -30 + 47 - -44 - (-17 + 0) - 0.
78
Calculate (-285 - -327 - (0 - 4)) + -100.
-54
0 + 7 + -17 + 7 + 6 + (14 - 8)
9
What is the value of -1 + -15 + (-36 - -39) + -3 + -5?
-21
Evaluate 63 + (-32 - (35 + -15)).
11
Calculate 37 + 87 + (-48 - 19).
57
What is -20 - (-37 + (-58 - -108))?
-33
What is -1 - -47 - (-62 - (-71 + 3))?
40
Calculate (11 - -2 - 1) + -69.
-57
What is the value of 5 - (-18 - (1 + 5 - 7))?
22
What is (-15 - (-1 + 1)) + (-117 - (-9 - 65))?
-58
What is the value of 9 + 9 + -10 + (-2 + 7 - -3)?
16
(-55 - 37) + 7 + -6 + 5 + 3
-83
Calculate -2 - 71 - (7360 - 7417).
-16
Calculate -110 + 109 + -5 + 1 + -51.
-56
Evaluate 11 + (1 - 2) - (22 - (21 + -7)) - -50.
52
What is the value of -95 + -50 + 54 + 78?
-13
-522 + 451 + (-19 - (-4 + 2) - 4 - -5)
-87
Evaluate 28 + 20 + -12 + (13 - 15).
34
What is 54706 - 54713 - (-11 - (-1 - -1 - 0))?
4
What is 29 + 55 + (-25 + 14 + 7 - 8)?
72
(-157 - -138 - -1) + -17 + (-4 - 0)
-39
Calculate -1 + 10 + 5 - 1 - (-30 - -11).
32
Calculate -22 + 87 + 26 + 6 - 32.
65
-23 + -9 + 26 + (10 - (-4 + 2)) + 2
8
Calculate 83 + 92 - 101 - -13.
87
Calculate -89 + -12 + 10 + 19 + -59.
-131
What is -45 + 48 + (81 - 71)?
13
What is (-25 - (-28 + 18)) + -1 + 22?
6
What is 2 - (28 + (13 - (6 - -21)))?
-12
Evaluate (-1 - 0) + -4 - (45 + -61 - (24 + -121)).
-86
What is -1 + -82 + (3564 - 3578)?
-97
Calculate -1 + 23 - (1195 - 1190).
17
Calcula